*2 + 7*y + 6. Let m(s) = -s**3 + 7*s**2 - 6. Let u be m(7). Let l be i(u). Suppose 3*b - l = -3. What are the prime factors of b?
11
Let n be (64/(-5))/4*-5. Suppose -y = -n - 4. List the prime factors of y.
2, 5
Suppose -2*g + 0*g - 3*u = -10, 5*g - u - 8 = 0. Suppose -3 - 5 = -2*f. Suppose 2*w = -g*s + 14, -5*w + 4*s = -f*w - 17. List the prime factors of w.
3
Suppose k - 5*u = 4, -5*k + 3*u + 131 = 23. What are the prime factors of k?
2, 3
What are the prime factors of ((-2)/(-4))/((-5)/(-340))?
2, 17
Let b(a) = -a**3 + 3*a**2 + a - 4. Let t be b(3). Let k = 1 - t. What are the prime factors of (-3 + 4)/(k/42)?
3, 7
Let a(u) = u**3 + 4*u**2 + u + 1. Let p be a(-3). Let v(w) = -w + 14. What are the prime factors of v(p)?
7
Let l(h) = -h**3 - 5*h**2 - 6*h - 1. Let u be (0 - -1)*(-15)/(-3). Suppose 5*s = 2*r + 8, -u*r - 15 - 5 = -3*s. List the prime factors of l(r).
7
Let t(q) = -q**2 - 6*q + 3. Let h be t(-7). Let l(g) = -g**2 - 10*g + 1. Let d(m) = m**2 + 9*m. Let i(j) = 7*d(j) + 6*l(j). What are the prime factors of i(h)?
2, 5
Let q be (-2)/(-5) + 144/15. Suppose -q = -z - 0*z. List the prime factors of z.
2, 5
Suppose 2*w + b - 13 = 0, -3*w - b = 3*b - 17. Suppose -5*u = -82 + w. Suppose -5*m + u = -10. What are the prime factors of m?
5
Suppose 0 = -l - 3, 0 = -3*v + l + 3*l + 240. List the prime factors of v.
2, 19
Let g(h) = 2*h - 7. Let z be g(5). Let r be z/((-21)/(-9) + -2). Suppose 5*b - 5*a = 16 + r, 11 = b + 2*a. List the prime factors of b.
7
Suppose w - 32 = 5*w. Let m(a) = 2*a**2 + 11*a + 10. What are the prime factors of m(w)?
2, 5
Suppose 18 + 14 = 4*o. What are the prime factors of o?
2
Suppose -v - 2*r = 0, 3*v - 7 = 2*v + 5*r. What are the prime factors of (-1 - (-2 + 0)) + v?
3
List the prime factors of 109 - (8/(-10) - 38/(-10)).
2, 53
Suppose -1 - 139 = 5*x. List the prime factors of (18/7)/((-4)/x).
2, 3
Let m(y) = -y**2 - 6*y - 3. Let p be m(-5). Suppose -n + 2 = -3. Suppose 1 = -5*v - p*r + 36, 0 = n*r. List the prime factors of v.
7
Let k(p) = 15*p - 72. What are the prime factors of k(8)?
2, 3
Let z(m) = 7*m + 69. What are the prime factors of z(21)?
2, 3
Suppose 6 = y - 1. List the prime factors of y.
7
Let v(y) = y + 130. What are the prime factors of v(0)?
2, 5, 13
Let d = -6 + 8. Let o be (-1)/(1/d) - -11. List the prime factors of -1 - (-2)/(6/o).
2
Let p be (-56)/(-10) + 9/(-15). Suppose p*n - 30 = -10. Suppose 9 = d - v, -n = -5*v + 1. What are the prime factors of d?
2, 5
Let y be (-4)/(-16) + (-46)/(-8). Let r(l) = -l**3 + 7*l**2 - 6*l + 2. What are the prime factors of r(y)?
2
Let x(m) = 62*m - 24. What are the prime factors of x(3)?
2, 3
Let r = -5 - -7. Suppose 3*t - r*l - 29 = 0, 4*l - 12 = t - 5*t. List the prime factors of t.
7
Suppose -5 = 2*a - 5*l, 3*l + 2*l = -2*a + 25. List the prime factors of a.
5
Let j be ((-8)/6)/(2/6). What are the prime factors of 3/(-2) - 146/j?
5, 7
Suppose 8 = 3*u + u. Suppose 10 + 52 = u*t. What are the prime factors of t?
31
Suppose 3*x = -3*g + 113 + 376, -g = -4*x - 173. List the prime factors of g.
3, 5, 11
Let h = 8 + -5. Suppose h*m = -2*a - 6, 1 + 7 = -3*a - 4*m. Suppose a = 3*t - 8 - 1. What are the prime factors of t?
3
Let p = 11 - 7. Let q = 2 - 10. List the prime factors of p/(-6)*108/q.
3
Let x = 251 + -142. List the prime factors of x.
109
Suppose 5*o = 5*w + 3*o + 20, -w - 3*o = -13. Let l(u) = 4*u**2 + u. What are the prime factors of l(w)?
2, 7
Suppose i + 3*y - 148 = 0, -5*i - y - 3*y + 707 = 0. List the prime factors of i.
139
Suppose 0 = -3*i + 3*x - 15, x + 0 = -5*i + 5. Suppose i*k - k = -2. What are the prime factors of k?
2
Let p(m) = -m**2 + 4*m + 5. Let y be p(5). Let w = 36 - y. List the prime factors of (10/(-4))/((-6)/w).
3, 5
Let x = -6 - -13. Let d = 5 + x. What are the prime factors of d?
2, 3
Let m = -119 + 226. Let a = m - 75. Suppose 4*x - a = -0*x. What are the prime factors of x?
2
Let o(f) = 20*f - 7. List the prime factors of o(6).
113
Let t(k) be the second derivative of -k**5/20 - 5*k**4/6 + k**3/6 + 6*k**2 + 3*k. What are the prime factors of t(-10)?
2
Let z = 3 - 18. What are the prime factors of ((-3)/5)/(3/z)?
3
Let j = -28 + 140. List the prime factors of j.
2, 7
Suppose -3*f = -f - 5*p + 30, 0 = -f + 3*p - 14. List the prime factors of -2*(f - (-3 + 2)).
2, 19
Suppose 0 = -3*k + 4*k - 120. Suppose -w = 5*z - k, 0 = -5*z - 2*w - 2*w + 105. List the prime factors of z.
5
Let q = 31 - 21. List the prime factors of q.
2, 5
Suppose -5*b + 5 = 4*d, -11 = -d + b + b. Let x(y) be the second derivative of -y**5/20 + y**4/2 - y**3/6 - y**2 + 2*y. List the prime factors of x(d).
2, 3
Let x(d) = 3*d**2 - d - 1. Suppose j = 2 - 4. Let w be 1 + 0 + j + 0. List the prime factors of x(w).
3
Let v = -74 - -141. What are the prime factors of v?
67
Suppose -5*y - 2*y + 770 = 0. What are the prime factors of y?
2, 5, 11
Suppose -10 = 5*d, -3*z - 7*d = -3*d + 5. Let j be -22*1*z/(-2). Suppose j = 3*y + 4*g - 37, -4*y + 54 = 2*g. What are the prime factors of y?
2, 3
Let i = -21 - -52. List the prime factors of i.
31
Suppose 2*w = -2*w + 16. What are the prime factors of w?
2
Let w(g) = g**2 - 4*g - 7. Let z be w(5). List the prime factors of 2200/99 + z/9.
2, 11
Let c = -6 + 4. Let v be 2/6 - 28/3. List the prime factors of v*(c + 1 - 0).
3
Let h be (-1)/(-5) + (-34)/(-5). Let v = 10 - h. What are the prime factors of v?
3
Let c(n) = 3*n + 1. Let k(v) = 7*v + 2. Let p(x) = 5*c(x) - 2*k(x). Let h be p(-3). List the prime factors of ((-85)/h)/5*2.
17
Let s = -48 + 71. List the prime factors of s.
23
Let k(v) = -v**3 + 25*v**2 + 12*v + 26. What are the prime factors of k(25)?
2, 163
Let x be 2*2 - (-90 - 2). Let s = x + -58. List the prime factors of s.
2, 19
Let z(v) = v**2 - 9*v + 4. Let q(x) = x**2 - 8*x + 4. Let n(a) = 5*q(a) - 4*z(a). List the prime factors of n(5).
3
Let j = 7 + 3. Suppose 2*x - 5*b + 0 - j = 0, 0 = 3*b. Suppose x*p = 4*p - 5*g - 3, 5*p + 3*g - 51 = 0. What are the prime factors of p?
2, 3
Suppose -14 + 47 = x. Suppose x = 4*f - f. What are the prime factors of f?
11
Let n = 475 + -265. List the prime factors of n.
2, 3, 5, 7
Let u be -1*(3/(-3) - 2). Suppose u*h + 45 = 6*h. What are the prime factors of h?
3, 5
Let p be (-446)/(-10) - 4/(-10). Suppose 2*q - 5*q + p = 0. List the prime factors of -1 - (0 + q)/(-3).
2
Let p(u) = u**3 - 5*u**2 + 4*u. Let n be p(4). Let i(g) = -g**3 - g - 9. Let v be i(n). Let y = v - -15. What are the prime factors of y?
2, 3
Let t be (-6)/(-12) + (-3)/(-2). Suppose -2*q + 5 = 3*z - 2*z, 0 = -4*z - t*q + 20. Suppose w + 6 = z*b - 3*b, 5*b - 3*w - 14 = 0. List the prime factors of b.
2
Let h(s) = s**2 - 15*s + 45. What are the prime factors of h(19)?
11
Suppose -v = -h - 1, -2*h - 5*v = -h - 11. Let g = h - 1. Suppose g = 5*f, -8 = -4*s - f - 3*f. List the prime factors of s.
2
Let q = 10 - 6. Suppose q*y - 3*w - 53 = 0, 0*y - 3*w - 67 = -5*y. What are the prime factors of y?
2, 7
Let j(q) = 4*q - 1. What are the prime factors of j(10)?
3, 13
Let v(d) = -d**2 + 6*d - 3. Let b be v(5). Suppose 5*z + 5 = -4*r, 0*r + 2*r = -b*z. What are the prime factors of r?
5
Suppose 2*x - p - 2 = 0, 4*x - 5*p + 4 = x. Let k = 18 - x. What are the prime factors of k?
2
What are the prime factors of 19/1 - 0 - -1?
2, 5
List the prime factors of 5/((-5)/(-2)) + 0.
2
Suppose 5*o = -2*i + 6*i + 40, 4*o = 5*i + 41. Let u(q) = -q**2 - 2*q - 1. Let a be u(i). Let t = -7 - a. List the prime factors of t.
3
Let y = 16 - 9. What are the prime factors of (-4 + y)*(-1 + 2)?
3
List the prime factors of (-2 + 1)/(6/24) - -338.
2, 167
Let s(g) = -11*g + 8. What are the prime factors of s(-6)?
2, 37
Let l(c) = -2*c + 5. Let z be l(5). Let n(a) = a**2 + 4*a + 5. List the prime factors of n(z).
2, 5
Let w be (-3 - -1)/((-2)/(-34)). Let x = -8 - w. What are the prime factors of x?
2, 13
Let g(x) = 4*x + 2. Let s be g(-4). Suppose -65 = 5*l - 5*u, -2*l + 1 = 5*u + 6. Let d = l - s. List the prime factors of d.
2
Let p(o) = o**2 - 4*o + 2. Let k be p(4). Suppose -s - k*s - 74 = -2*q, 2 = s. List the prime factors of q.
2, 5
Let w(v) = 6*v - 3. Let u be w(2). Let z = u - 9. Suppose z*l + l - 15 = 0. What are the prime factors of l?
3, 5
Suppose 0*y + 6 = 3*y. Suppose -y*h - 104 = -5*k + 37, 4 = 2*h. List the prime factors of 